757697?
3, 4528633
What are the prime factors of 3981446279?
29, 137291251
List the prime factors of 159142086.
2, 3, 8841227
List the prime factors of 12214682.
2, 19, 31, 10369
List the prime factors of 80332339.
73, 1100443
List the prime factors of 7656896109.
3, 2552298703
What are the prime factors of 171126918?
2, 3, 117371
List the prime factors of 5022298865.
5, 17, 59085869
List the prime factors of 790416160.
2, 5, 23, 214787
List the prime factors of 3067904391.
3, 71, 101, 142607
List the prime factors of 761324704.
2, 7, 29, 233, 503
List the prime factors of 369522414.
2, 3, 20529023
List the prime factors of 4667408153.
71, 8069, 8147
What are the prime factors of 351145048?
2, 23, 757, 2521
What are the prime factors of 121687866?
2, 3, 2253479
List the prime factors of 41532490.
2, 5, 47, 97, 911
List the prime factors of 61932425.
5, 2477297
List the prime factors of 139196969.
17, 8188057
What are the prime factors of 1382073941?
1382073941
List the prime factors of 6394463048.
2, 157, 2203, 2311
List the prime factors of 479105388.
2, 3, 1327, 3343
List the prime factors of 1232268215.
5, 83, 479, 6199
List the prime factors of 1767000071.
6823, 258977
What are the prime factors of 3394949545?
5, 13, 19, 43, 63929
List the prime factors of 72460761.
3, 1559, 15493
List the prime factors of 47048156.
2, 23, 41, 12473
List the prime factors of 343070285.
5, 17, 1601, 2521
List the prime factors of 376540299.
3, 13945937
What are the prime factors of 257039880?
2, 3, 5, 71, 30169
What are the prime factors of 99419079?
3, 163, 203311
What are the prime factors of 1364240807?
6449, 211543
List the prime factors of 64231337.
64231337
List the prime factors of 550116374.
2, 275058187
List the prime factors of 210816883.
12527, 16829
List the prime factors of 980166505.
5, 23, 29, 83, 3541
List the prime factors of 112352876.
2, 28088219
What are the prime factors of 37286732?
2, 7, 151, 8819
What are the prime factors of 34199661?
3, 107, 106541
What are the prime factors of 4784699042?
2, 257, 9308753
List the prime factors of 62947320.
2, 3, 5, 23, 22807
What are the prime factors of 304166855?
5, 1321, 46051
List the prime factors of 785509944.
2, 3, 32729581
List the prime factors of 385260883.
7, 107, 197, 373
What are the prime factors of 31544819?
31544819
What are the prime factors of 509124073?
509124073
What are the prime factors of 569616992?
2, 7, 2542933
List the prime factors of 41564616.
2, 3, 37, 46807
What are the prime factors of 148447092?
2, 3, 107, 115613
What are the prime factors of 2527135588?
2, 631783897
What are the prime factors of 126290469?
3, 71, 673, 881
What are the prime factors of 60773420?
2, 5, 619, 4909
What are the prime factors of 1979264880?
2, 3, 5, 619, 4441
What are the prime factors of 17914778?
2, 7, 1279627
List the prime factors of 131897220.
2, 3, 5, 7, 13, 17, 29
List the prime factors of 316102067.
263, 1201909
What are the prime factors of 56710429?
56710429
What are the prime factors of 89834543?
1567, 57329
What are the prime factors of 63989339?
1511, 42349
List the prime factors of 1209123047.
11, 109920277
What are the prime factors of 51903987?
3, 17301329
What are the prime factors of 1102389394?
2, 59, 9342283
What are the prime factors of 1222329490?
2, 5, 5953, 20533
What are the prime factors of 273581701?
113, 2421077
What are the prime factors of 148634182?
2, 74317091
List the prime factors of 1738481889.
3, 37, 15661999
What are the prime factors of 789981753?
3, 11, 19, 1259939
List the prime factors of 606795669.
3, 167, 487, 829
What are the prime factors of 533380281?
3, 7, 23, 1104307
List the prime factors of 1926810097.
107, 1973, 9127
List the prime factors of 155039461.
5531, 28031
List the prime factors of 202172625.
3, 5, 37, 1619
List the prime factors of 179194610.
2, 5, 7, 23, 111301
What are the prime factors of 158696361?
3, 191, 30773
What are the prime factors of 9091762698?
2, 3, 24373, 62171
What are the prime factors of 272588648?
2, 577, 59053
List the prime factors of 22042032.
2, 3, 459209
What are the prime factors of 42994522?
2, 1423, 15107
What are the prime factors of 34973619?
3, 1801, 6473
What are the prime factors of 852800120?
2, 5, 67, 318209
What are the prime factors of 131750599?
37, 59, 60353
What are the prime factors of 259563538?
2, 13, 41, 59, 4127
What are the prime factors of 310948720?
2, 5, 61, 63719
What are the prime factors of 369509950?
2, 5, 23, 321313
List the prime factors of 3323239113.
3, 509, 631, 3449
What are the prime factors of 2576432825?
5, 41, 2513593
List the prime factors of 155833899.
3, 13, 37, 79, 1367
List the prime factors of 71405029.
2711, 26339
What are the prime factors of 133450601?
37, 3606773
List the prime factors of 3915223171.
3915223171
What are the prime factors of 257473297?
257473297
List the prime factors of 197835278.
2, 98917639
List the prime factors of 102428460.
2, 3, 5, 569047
What are the prime factors of 181430069?
17, 19, 561703
List the prime factors of 76226711.
11, 6929701
List the prime factors of 1041064612.
2, 7, 277, 134227
What are the prime factors of 336541685?
5, 103, 113, 5783
What are the prime factors of 333671152?
2, 20854447
What are the prime factors of 7360060342?
2, 17, 43, 1777, 2833
What are the prime factors of 189145522?
2, 94572761
List the prime factors of 3899044680.
2, 3, 5, 347, 93637
List the prime factors of 810485045.
5, 727, 222967
What are the prime factors of 37436335?
5, 113, 173, 383
List the prime factors of 10567966.
2, 5283983
What are the prime factors of 38116778?
2, 7, 431, 6317
List the prime factors of 58742767.
571, 102877
List the prime factors of 2249682189.
3, 749894063
List the prime factors of 1262430335.
5, 43, 5871769
What are the prime factors of 1122534167?
2011, 558197
What are the prime factors of 6166166935?
5, 163, 353, 21433
What are the prime factors of 58875765?
3, 5, 13, 301927
List the prime factors of 4777915.
5, 401, 2383
List the prime factors of 288648396.
2, 3, 37, 216703
List the prime factors of 131645933.
31, 59, 167, 431
List the prime factors of 1037995060.
2, 5, 23, 43, 97, 541
What are the prime factors of 58071876?
2, 3, 223, 21701
What are the prime factors of 3879112265?
5, 7, 23, 4818773
List the prime factors of 120396197.
29, 593, 7001
List the prime factors of 2448529268.
2, 3511, 174347
What are the prime factors of 327719428?
2, 809, 101273
What are the prime factors of 86171058?
2, 3, 4787281
What are the prime factors of 630701901?
3, 257, 1061
List the prime factors of 3142087518.
2, 3, 523681253
List the prime factors of 32554229.
3989, 8161
List the prime factors of 200455763.
200455763
List the prime factors of 52138448.
2, 389, 8377
List the prime factors of 110925682.
2, 7, 83, 95461
List the prime factors of 4356643727.
9679, 450113
What are the prime factors of 19289849?
17, 1134697
What are the prime factors of 81403596?
2, 3, 753737
List the prime factors of 411559947.
3, 1193, 4259
What are the prime factors of 163772892?
2, 3, 167, 27241
List the prime factors of 206024875.
5, 7, 241, 977
List the prime factors of 836369903.
6221, 134443
What are the prime factors of 98192620?
2, 5, 2083, 2357
List the prime factors of 69349455.
3, 5, 7, 4493
List the prime factors of 1283116.
2, 97, 3307
What are the prime factors of 170139668?
2, 41, 1037437
List the prime factors of 74984216.
2, 2647, 3541
List the prime factors of 561133840.
2, 5, 19, 79, 4673
List the prime factors of 1161086278.
2, 11, 157, 336157
What are the prime factors of 98164813?
71, 443, 3121
List the prime factors of 213687759.
3, 71229253
List the prime factors of 43948291.
691, 63601
List the prime factors of 347260951.
347260951
List the prime factors of 16515562.
2, 7, 937, 1259
List the prime factors of 1166240517.
3, 13, 61, 490223
What are the prime factors of 342319088?
2, 21394943
What are the prime factors of 70530179?
347, 439, 463
What are the prime factors of 1152966912?
2, 3, 43, 34913
List the prime factors of 4225409436.
2, 3, 173, 2035361
What are the prime factors of 257351596?
2, 131, 491129
What are the prime factors of 201942970?
2, 5, 20194297
List the prime factors of 1548942004.
2